ghest common factor of o and 77?
11
Let q = 6 + -3. Let p be (-9)/4*(-56)/q. Let s be (-2)/(-3)*(23 + -2). What is the highest common factor of s and p?
14
Let b be 4/(-18) + 959/63. Let j be (1 - 4/2) + b. Let q be (-6)/((-2)/j - 0). Calculate the greatest common divisor of q and 28.
14
Let d(a) = -4 + 21*a**2 - 1 + 3 - 3*a. Let w(h) = -h**3 - 5*h**2 - 3*h + 2. Let b be w(-4). Let l be d(b). What is the highest common divisor of l and 11?
11
Suppose -4*b - 3 + 43 = 0. Calculate the greatest common factor of b and 25.
5
Suppose 0 = -5*z + 25, -z - 2 + 9 = s. Let q be 984/88 - s/11. Calculate the highest common factor of 22 and q.
11
Let w be 6/(-4)*(-4)/3. Let h be -1*0/(w/(-1)). Suppose h*t - 2*t + 5*y + 27 = 0, -5*t = 2*y + 5. What is the greatest common divisor of t and 4?
1
Let r = 24 - -19. What is the greatest common divisor of r and 172?
43
Let q be (-1*(9 + 2))/(-1). Suppose -q*w = -9*w - 32. Calculate the greatest common divisor of 2 and w.
2
Let v = -4 - -44. Suppose 0*d = 3*d + 2*c - 49, -21 = -d - 3*c. Let a be 3 + d + (0 - 2). What is the greatest common divisor of v and a?
8
Let i = 30 + -23. What is the highest common factor of i and 14?
7
Let d = 6 + -4. Let v(f) = -f**2 + 2*f + 3. Let b(j) = -1. Let g(s) = -5*b(s) - v(s). Let a be g(d). What is the highest common factor of 16 and a?
2
Suppose -4*x = -12 - 8. Suppose -x*t + 175 = -125. Suppose 2*q - 3 - 37 = 0. Calculate the greatest common factor of q and t.
20
Let a(g) = -g**2 + g - 1. Let x(c) = 29*c**2 - 2*c + 5. Let b(w) = 3*a(w) + x(w). Let u be b(2). What is the highest common divisor of 12 and u?
12
Suppose 39 = -5*i + 249. Suppose -5*n + i = 2*h - 4, -2*h + n = -22. Let z = -1 + h. Calculate the greatest common factor of 2 and z.
2
Let k = -4 - -7. Let s(n) = 6*n. Let z = -16 - -20. Let p be s(z). What is the greatest common divisor of p and k?
3
Let r be 10/(-3)*6/(-5). What is the greatest common divisor of r and 44?
4
Let t be (9/(-2))/((-11)/726). What is the highest common factor of 11 and t?
11
Let j = 158 - 92. Let m(q) = q - 3. Let c be m(9). What is the greatest common factor of c and j?
6
Let s = 3 + -1. Let p be (1 - 1/(-2))*s. Suppose 35 = p*c + 2*c. Calculate the greatest common divisor of 21 and c.
7
Suppose -4*u = -u - 42. Let c = -37 + 51. Calculate the greatest common factor of c and u.
14
Let f(w) = -w**2 - 3*w - 9. Let q be f(-6). Let h be 2/(-5) - q/5. Suppose -2*c + 47 + 3 = 0. What is the greatest common divisor of c and h?
5
Let t = 440 - 260. Let q = 0 - 0. Suppose 2*a = 0, -5*m + t = -q*m + a. What is the highest common divisor of m and 4?
4
Let v = -4 + 3. Let d be (-14)/(-4) - v/2. Suppose 14 = -d*m + 5*m. What is the highest common divisor of m and 2?
2
Suppose -2*j = -0*j - 30. Let f = -5 + j. What is the greatest common factor of 70 and f?
10
Suppose 0 = g + 6 - 4. Let c be 2*1 + 14 + g. Calculate the highest common divisor of 112 and c.
14
Let d(t) = -t + 2. Let s be d(-6). Let a be s/(-2)*(-6)/8. Let l = 113 + -92. Calculate the highest common divisor of a and l.
3
Suppose 0 = 4*b - 0*b - 1260. Calculate the greatest common divisor of 35 and b.
35
Suppose -4 = -2*w + 2. Let p be 7/w + (-1)/3. Calculate the greatest common factor of 18 and p.
2
Suppose 0*d = -3*d + 12, -24 = -2*j + 5*d. What is the greatest common factor of 198 and j?
22
Let u(l) = 4*l + 7. Let b be u(0). Calculate the greatest common divisor of 175 and b.
7
Let o be -7*(4 + (-172)/7). What is the highest common factor of 18 and o?
18
Let x = 4 - -8. Suppose 0 = -9*z + x*z - 45. Calculate the highest common factor of 3 and z.
3
Let d be (1 - 4) + 3*(-62)/(-6). What is the highest common factor of 140 and d?
28
Let h(o) = -o**2 - 8*o + 3. Let v be h(-8). Let i = 35 - v. Calculate the greatest common factor of 8 and i.
8
Suppose 292 - 47 = 5*b. Calculate the highest common divisor of 49 and b.
49
Suppose -26 = -2*k - 2*s, -3*s + 2 = -k + 15. What is the greatest common factor of 13 and k?
13
Let n = 5 - -8. Suppose -n*z + 12 = -10*z. Suppose -d + 12 = -z. Calculate the greatest common divisor of d and 144.
16
Suppose 0 = 5*m - 6 - 4. Let h be (-140)/21*(-3)/m. Calculate the greatest common factor of h and 40.
10
Suppose 4*r + 17 = 49. Calculate the highest common factor of 24 and r.
8
Suppose -5*k + 13*k - 144 = 0. What is the greatest common divisor of k and 162?
18
Let j be (140/(-42))/(4/(-198)). What is the highest common factor of 15 and j?
15
Suppose -4*x + 313 = -227. Let j = 30 + -15. What is the highest common factor of x and j?
15
Let b(q) = 11*q**2 - 9*q. Let x be b(2). What is the greatest common factor of x and 117?
13
Suppose -4*i - 5*s + 3*s - 2 = 0, 21 = 3*i - 3*s. Calculate the greatest common factor of i and 14.
2
Let w = -7 + 4. Let n be (w*3)/(6/(-8)). Let y be (21/n)/(2/16). What is the greatest common factor of y and 2?
2
Let d be 9*(2 + (-1 - -1)). What is the greatest common factor of 27 and d?
9
Let n(j) = 17*j - 6. Let x(m) = 60*m - 21. Let l(c) = 18*n(c) - 5*x(c). Let f be l(8). Let r be -6*3*2/(-4). What is the highest common divisor of r and f?
9
Suppose 21 = 3*b - 6*b. Let u = 12 - b. What is the greatest common factor of u and 133?
19
Suppose 5*o - 3*o - 69 = -5*m, 4*o + 87 = 5*m. Suppose -2*w = 2*w - 4*d - 556, 5*w - 691 = 4*d. What is the greatest common factor of w and m?
15
Suppose 4*p - 78 = 3*m, 5*p + 0*p = 5*m + 95. What is the greatest common factor of 189 and p?
21
Let g be ((-60)/(-36))/((-1)/9). Let i(b) = -b - 2. Let v be i(-4). Let x be -11*(g + 0 + v). What is the highest common divisor of x and 13?
13
Let c = -7 - -5. Let y = c - -4. Suppose 3*l + 2*m = y*l + 62, 0 = 2*m + 10. Calculate the highest common divisor of l and 9.
9
Let s = -6 - -9. Suppose -33 = -s*k + 3*f, 8 = k + f - 7. Calculate the greatest common divisor of k and 52.
13
Let w(o) = o**2 - 6*o - 7. Let l be w(7). Suppose -y - 9 + 29 = l. What is the greatest common divisor of y and 10?
10
Suppose -a + 0 = -4. Let q be a*4/((-32)/(-6)). Calculate the highest common factor of q and 2.
1
Suppose 3 = 4*p - 1. Let h(i) = i + 6. Let v be h(-5). Calculate the highest common factor of v and p.
1
Let o(i) = -i**3 + i - 3 + 1 + i**2 - 3*i. Let n be o(-3). What is the greatest common factor of 5 and n?
5
Suppose 8*s - 24 = 5*s. What is the highest common divisor of 16 and s?
8
Let g be -159*((-7)/(-3) + -2). Let p = 79 - g. Calculate the highest common factor of 12 and p.
12
Let q = 35 - 23. What is the greatest common factor of q and 24?
12
Let s be 156/(-15)*-1 - (-4)/(-10). What is the greatest common factor of 40 and s?
10
Suppose 4*d - n - 61 = 0, -d + 5*d - 55 = -5*n. Let a = -222 - -387. Calculate the highest common divisor of d and a.
15
Suppose 255 = -2*y + 3*y. What is the greatest common factor of 15 and y?
15
Let g(k) = -k**3 - 4*k**2 - k - 4. Let o be g(-3). Let l be (o/(-6))/((-7)/(-357)). Calculate the highest common factor of 17 and l.
17
Suppose -1 + 5 = 2*h. Suppose 2*b - h*t = 16, 3*b - 4 = -3*t + 2. Calculate the highest common divisor of b and 20.
5
Suppose -7 = 2*x - 25. Suppose -2*k + 4*h = 2*k + 24, 5*k = 3*h - 32. Let m = x - k. What is the highest common factor of 24 and m?
8
Let s be ((-48)/20)/(1/(-20)). Suppose -2*l = 5*u - 150, l = -5*u + 132 + 23. What is the highest common divisor of s and u?
16
Let d be 455/30 + 1/(-6). What is the highest common factor of 6 and d?
3
Let l = 125 + -53. Suppose 3*y + y = 0. Let p be (-1 - -10) + y + -1. What is the highest common factor of l and p?
8
Let l(f) = 2 - f**2 + 0 + 2*f - 12*f. Let c be l(-5). Let j = 40 - c. Calculate the highest common divisor of j and 13.
13
Let z be 7/(0 + (-2)/(-14)). Suppose -5*n + 2*h = -n - 50, 4*n - z = h. Let i = n + -7. Calculate the greatest common divisor of i and 5.
5
Let t(u) = u**3 + 8*u**2 - 4*u - 5. Let j be t(-8). Suppose 3*d - 1205 = 5*s - 339, -3*d + 4*s + 871 = 0. Calculate the greatest common factor of d and j.
27
Suppose 4*g - 8*g + 5*a + 34 = 0, -g - 2*a = -2. Suppose b = g + 3. Calculate the greatest common factor of b and 45.
9
Let d be -6*((-12)/8 + -2). Suppose -4*r - 5*s + 64 = -10*s, 4*s - 79 = -3*r. What is the highest common divisor of d and r?
21
Let o be 16/(-10)*(1 - -4). Let h = o + 26. What is the greatest common factor of 2 and h?
2
Let g(d